{"id":77,"date":"2025-01-19T19:04:52","date_gmt":"2025-01-19T18:04:52","guid":{"rendered":"https:\/\/home.blmvhsw.de\/?page_id=77"},"modified":"2025-05-06T20:27:48","modified_gmt":"2025-05-06T18:27:48","slug":"verbandsdirigent","status":"publish","type":"page","link":"https:\/\/www.blmvhsw.de\/verbandsdirigent\/","title":{"rendered":"Verbandsdirigent"},"content":{"rendered":"\n<h5 class=\"wp-block-heading\"><strong>Der Verbandsdirigent<\/strong><\/h5>\n\n\n\n<p><img loading=\"lazy\" decoding=\"async\" width=\"127\" height=\"185\" class=\"wp-image-26167\" style=\"width: 127px;\" src=\"https:\/\/www.blmvhsw.de\/wp-content\/uploads\/GottfriedHummel.jpg\" alt=\"\"><\/p>\n\n\n\n<p>Unser Verbandsdirigent<strong> Gottfried Hummel<\/strong> wurde 1968 in L\u00f6ffingen \/ Schwarzwald geboren. Am &#8222;Annette von Droste-H\u00fclshoff Gymnasium&#8220; Meersburg 1988 Abitur mit Leistungsfach Akkordeon. 1990 &#8211; 1994 Studium am Hohnerkonservatorim Trossingen mit Abschlu\u00df als Musiklehrer. Gottfried Hummel ist seit 1994 hauptberuflich als Musiklehrer und Dirigent t\u00e4tig. Seit 1994 Belegung der Sonderklasse Popularmusik bei Hans-G\u00fcnther K\u00f6lz. Musikalisches Schaffen: Volks- und Schlagermusik bei Interpreten aus Funk und Fernsehen. Werke f\u00fcr Akkordeon- und Blasorchester. Zahlreiche Unterrichtsliteratur. Musikschule mit eigenem Tonstudio.<\/p>\n\n\n\n<p><strong>Musikalische Ausbildung:<\/strong><\/p>\n\n\n\n<p>* Erster Unterricht: Tuba bei der <strong>Trachtenkapelle G\u00f6schweiler<\/strong><br>* Akkordeon beim <strong>Handharmonika-Spielring L\u00f6ffingen<\/strong><br>* 1983 Tuba- Unterricht bei der <strong>Knabenmusik Meersburg<\/strong> und Werner Assmacher<br>* Musik- LK mit Abschluss Musikabitur am <strong>Aufbaugymnasium Meersburg<\/strong><br>* Aufbaustudium\/ <strong>Hospitant<\/strong> Hohner-Konservatorium bei <strong>Gabi Br\u00e4ndle<\/strong><br>* 1991-1994 Musikstudium am <strong>Hohnerkonservatorium<\/strong> (Klavier\/Akkordeon)<br>* Staatlicher Abschluss: <strong>Musiklehrerdiplom <\/strong> mit Staatspr\u00fcfung Dirigieren und Orchesterleitung<br><strong>*<\/strong> T\u00e4tigkeit als dipl. <strong>Musiklehrer<\/strong> und freischaffender Komponist<br>* Wertungsrichter bei DHV &#8211; Wertungsspielen (Orchester &amp; Solo)<br>* Weitere Ausbildung bei diplomierten P\u00e4dagogen an den <strong>Instrumenten<\/strong> Querfl\u00f6te, Klarinette, Saxophon, Trompete, F- Horn, Tenorhorn, Posaune, Tuba u. a.<br>* 2000 Gr\u00fcndung der privaten <strong>Musikschule Hummel<\/strong> mit mehreren hundert Sch\u00fclern und einem Lehrerteam.<br>* 1998 <strong>Dirigentenamt<\/strong> bei der <strong>Trachtenkapelle Hinterzarten<\/strong>.<br>* 2016 <strong>Dirigentenamt<\/strong> bei der <strong>Stadtkapelle Tengen<\/strong><br>* 2017 <strong>Dirigentenamt<\/strong> bei dem <strong>Musikverein Buchenbach<\/strong><br>* 2003 bis 2004 <strong>B-Kurs<\/strong> mit Abschluss in der Bundesakademie Trossingen<br>* <strong>Verbandsdirigent Breisgau Hochschwarzwald<\/strong> ab M\u00e4rz 2016<br>* <strong>Teilnahme am vielen Fortbildungen des BDB<\/strong> (Klangwerkstatt, Workshop Wertungsspiel, Volkst. Blasmusik mit E. Hutter u.a.)<br>* <strong>Hobbies:<\/strong> Schwimmen, Wandern und Unternehmungen in der Natur und mit meiner Familie<br>* <strong>ca. 100 Ver\u00f6ffentlichungen im Bereich Blasmusik, allein ca. 50 im Wertach-Verlag<br>* Seit 2000 der meistverkaufte Komponist\/Arrangeur f\u00fcr Akkordeonmusik im weltweit gr\u00f6\u00dften Notensortiment Jetelina<\/strong><br>* Laut GEMA sind mittlererweile <strong>\u00fcber 1100 Werke bei der GEMA registiert<\/strong><\/p>\n","protected":false},"excerpt":{"rendered":"<p>Der Verbandsdirigent Unser Verbandsdirigent Gottfried Hummel wurde 1968 in L\u00f6ffingen \/ Schwarzwald geboren. Am &#8222;Annette von Droste-H\u00fclshoff Gymnasium&#8220; Meersburg 1988 Abitur mit Leistungsfach Akkordeon. 1990 &#8211; 1994 Studium am Hohnerkonservatorim Trossingen mit Abschlu\u00df als Musiklehrer. Gottfried Hummel ist seit 1994 hauptberuflich als Musiklehrer und Dirigent t\u00e4tig. Seit 1994 Belegung der Sonderklasse Popularmusik bei Hans-G\u00fcnther K\u00f6lz. &hellip; <\/p>\n<p class=\"link-more\"><a href=\"https:\/\/www.blmvhsw.de\/verbandsdirigent\/\" class=\"more-link\">Mehr <span class=\"screen-reader-text\">\u00fcber &#8222;Verbandsdirigent&#8220; <\/span>Lesen<\/a><\/p>\n","protected":false},"author":1,"featured_media":0,"parent":0,"menu_order":0,"comment_status":"closed","ping_status":"closed","template":"","meta":{"og_title":"","og_description":"","og_image":"","og_override_image":false,"inspiro_hide_title":false,"footnotes":""},"class_list":["post-77","page","type-page","status-publish","hentry"],"_links":{"self":[{"href":"https:\/\/www.blmvhsw.de\/blmvhsw_extern_api\/wp\/v2\/pages\/77","targetHints":{"allow":["GET"]}}],"collection":[{"href":"https:\/\/www.blmvhsw.de\/blmvhsw_extern_api\/wp\/v2\/pages"}],"about":[{"href":"https:\/\/www.blmvhsw.de\/blmvhsw_extern_api\/wp\/v2\/types\/page"}],"author":[{"embeddable":true,"href":"https:\/\/www.blmvhsw.de\/blmvhsw_extern_api\/wp\/v2\/users\/1"}],"replies":[{"embeddable":true,"href":"https:\/\/www.blmvhsw.de\/blmvhsw_extern_api\/wp\/v2\/comments?post=77"}],"version-history":[{"count":4,"href":"https:\/\/www.blmvhsw.de\/blmvhsw_extern_api\/wp\/v2\/pages\/77\/revisions"}],"predecessor-version":[{"id":26168,"href":"https:\/\/www.blmvhsw.de\/blmvhsw_extern_api\/wp\/v2\/pages\/77\/revisions\/26168"}],"wp:attachment":[{"href":"https:\/\/www.blmvhsw.de\/blmvhsw_extern_api\/wp\/v2\/media?parent=77"}],"curies":[{"name":"wp","href":"https:\/\/api.w.org\/{rel}","templated":true}]}}

<h5 class="wp-block-heading"><strong>Der Verbandsdirigent</strong></h5>



<p><img loading="lazy" decoding="async" width="127" height="185" class="wp-image-26167" style="width: 127px;" src="https://www.blmvhsw.de/wp-content/uploads/GottfriedHummel.jpg" alt=""></p>



<p>Unser Verbandsdirigent<strong> Gottfried Hummel</strong> wurde 1968 in Löffingen / Schwarzwald geboren. Am &#8222;Annette von Droste-Hülshoff Gymnasium&#8220; Meersburg 1988 Abitur mit Leistungsfach Akkordeon. 1990 &#8211; 1994 Studium am Hohnerkonservatorim Trossingen mit Abschluß als Musiklehrer. Gottfried Hummel ist seit 1994 hauptberuflich als Musiklehrer und Dirigent tätig. Seit 1994 Belegung der Sonderklasse Popularmusik bei Hans-Günther Kölz. Musikalisches Schaffen: Volks- und Schlagermusik bei Interpreten aus Funk und Fernsehen. Werke für Akkordeon- und Blasorchester. Zahlreiche Unterrichtsliteratur. Musikschule mit eigenem Tonstudio.</p>



<p><strong>Musikalische Ausbildung:</strong></p>



<p>* Erster Unterricht: Tuba bei der <strong>Trachtenkapelle Göschweiler</strong><br>* Akkordeon beim <strong>Handharmonika-Spielring Löffingen</strong><br>* 1983 Tuba- Unterricht bei der <strong>Knabenmusik Meersburg</strong> und Werner Assmacher<br>* Musik- LK mit Abschluss Musikabitur am <strong>Aufbaugymnasium Meersburg</strong><br>* Aufbaustudium/ <strong>Hospitant</strong> Hohner-Konservatorium bei <strong>Gabi Brändle</strong><br>* 1991-1994 Musikstudium am <strong>Hohnerkonservatorium</strong> (Klavier/Akkordeon)<br>* Staatlicher Abschluss: <strong>Musiklehrerdiplom </strong> mit Staatsprüfung Dirigieren und Orchesterleitung<br><strong>*</strong> Tätigkeit als dipl. <strong>Musiklehrer</strong> und freischaffender Komponist<br>* Wertungsrichter bei DHV &#8211; Wertungsspielen (Orchester &amp; Solo)<br>* Weitere Ausbildung bei diplomierten Pädagogen an den <strong>Instrumenten</strong> Querflöte, Klarinette, Saxophon, Trompete, F- Horn, Tenorhorn, Posaune, Tuba u. a.<br>* 2000 Gründung der privaten <strong>Musikschule Hummel</strong> mit mehreren hundert Schülern und einem Lehrerteam.<br>* 1998 <strong>Dirigentenamt</strong> bei der <strong>Trachtenkapelle Hinterzarten</strong>.<br>* 2016 <strong>Dirigentenamt</strong> bei der <strong>Stadtkapelle Tengen</strong><br>* 2017 <strong>Dirigentenamt</strong> bei dem <strong>Musikverein Buchenbach</strong><br>* 2003 bis 2004 <strong>B-Kurs</strong> mit Abschluss in der Bundesakademie Trossingen<br>* <strong>Verbandsdirigent Breisgau Hochschwarzwald</strong> ab März 2016<br>* <strong>Teilnahme am vielen Fortbildungen des BDB</strong> (Klangwerkstatt, Workshop Wertungsspiel, Volkst. Blasmusik mit E. Hutter u.a.)<br>* <strong>Hobbies:</strong> Schwimmen, Wandern und Unternehmungen in der Natur und mit meiner Familie<br>* <strong>ca. 100 Veröffentlichungen im Bereich Blasmusik, allein ca. 50 im Wertach-Verlag<br>* Seit 2000 der meistverkaufte Komponist/Arrangeur für Akkordeonmusik im weltweit größten Notensortiment Jetelina</strong><br>* Laut GEMA sind mittlererweile <strong>über 1100 Werke bei der GEMA registiert</strong></p>

<p>Der Verbandsdirigent Unser Verbandsdirigent Gottfried Hummel wurde 1968 in Löffingen / Schwarzwald geboren. Am &#8222;Annette von Droste-Hülshoff Gymnasium&#8220; Meersburg 1988 Abitur mit Leistungsfach Akkordeon. 1990 &#8211; 1994 Studium am Hohnerkonservatorim Trossingen mit Abschluß als Musiklehrer. Gottfried Hummel ist seit 1994 hauptberuflich als Musiklehrer und Dirigent tätig. Seit 1994 Belegung der Sonderklasse Popularmusik bei Hans-Günther Kölz. &hellip; </p>
<p class="link-more"><a href="https://www.blmvhsw.de/verbandsdirigent/" class="more-link">Mehr <span class="screen-reader-text">über &#8222;Verbandsdirigent&#8220; </span>Lesen</a></p>
