{"id":11,"date":"2025-01-18T22:37:42","date_gmt":"2025-01-18T21:37:42","guid":{"rendered":"http:\/\/home.blmvhsw.de\/?page_id=11"},"modified":"2025-05-07T06:57:32","modified_gmt":"2025-05-07T04:57:32","slug":"11-2","status":"publish","type":"page","link":"https:\/\/www.blmvhsw.de\/","title":{"rendered":""},"content":{"rendered":"\n\n\n\n\n<p><\/p>\n\n\n\n<p><strong>Willkommen beim Blasmusikverband Hochschwarzwald e.V.<\/strong><\/p>\n\n\n\n<p>Diese Homepage ist ein Hilfsmittel, ein Informations-Medium und eine Kontaktb\u00f6rse f\u00fcr unsere Mitglieds-Vereine und nat\u00fcrlich Vereine anderer Verb\u00e4nde.<\/p>\n\n\n\n<p>Auf den folgenden Seiten erhalten Sie Daten \u00fcber unseren Verband und unsere Mitgliedsvereine. Sie haben die M\u00f6glichkeit Formulare und Infos, die in Ihrer Vereinsarbeit eine wichtige Hilfe sein k\u00f6nnen (z.B. Grifftabellen), abzurufen und somit kostenfrei zu nutzen.<\/p>\n\n\n\n<p>Im Terminkalender sind die wichtigsten Termine unserer Vereine, unserer Bl\u00e4serjugend und des Verbandes eingetragen. Ganz herzlich m\u00f6chte ich mich bei Markus Maier bedanken. Er hat diese Homepage in Eigenarbeit aufgebaut und h\u00e4lt sie auf dem aktuellsten Stand. Viel Spa\u00df beim Lesen auf unseren Seiten.<\/p>\n\n\n\n<p><strong>Hier gehts zur <a href=\"https:\/\/www.blmvhsw.de\/jmla-anmeldung\/\" data-type=\"page\" data-id=\"2940\">JMLA Anmeldung<\/a><\/strong><\/p>\n\n\n\n<div class=\"wp-block-group has-global-padding is-layout-constrained wp-block-group-is-layout-constrained\">\n<h2 class=\"wp-block-heading has-large-font-size\" id=\"inspiro-is-a-digital-product-agency-that-focuses-on-strategy-and-design\" style=\"font-style:normal;font-weight:100\"><\/h2>\n\n\n\n<div class=\"wp-block-columns is-layout-flex wp-container-core-columns-is-layout-28f84493 wp-block-columns-is-layout-flex\">\n<div class=\"wp-block-column is-layout-flow wp-block-column-is-layout-flow\">\n<figure class=\"wp-block-image size-full\"><img loading=\"lazy\" decoding=\"async\" width=\"606\" height=\"310\" src=\"https:\/\/home.blmvhsw.de\/wp-content\/uploads\/2025\/02\/Verband.jpg\" alt=\"\" class=\"wp-image-2967\" srcset=\"https:\/\/www.blmvhsw.de\/wp-content\/uploads\/2025\/02\/Verband.jpg 606w, https:\/\/www.blmvhsw.de\/wp-content\/uploads\/2025\/02\/Verband-300x153.jpg 300w\" sizes=\"auto, (max-width: 606px) 100vw, 606px\" \/><\/figure>\n\n\n\n<h3 class=\"wp-block-heading has-black-color has-text-color has-medium-font-size\">Verband<\/h3>\n\n\n\n<p class=\"has-text-color\" style=\"color:#7a7a7a\"><\/p>\n\n\n\n<a href=\"https:\/\/www.blmvhsw.de\/praesidium\/\">Pr\u00e4sidium<\/a><br><a href=\"https:\/\/www.blmvhsw.de\/gebietsvertreter\/\">Gebietsvertreter<\/a>\n<\/div>\n\n\n\n<div class=\"wp-block-column is-layout-flow wp-block-column-is-layout-flow\">\n<figure class=\"wp-block-image size-full\"><img loading=\"lazy\" decoding=\"async\" width=\"612\" height=\"314\" src=\"https:\/\/home.blmvhsw.de\/wp-content\/uploads\/2025\/02\/Vereine.jpg\" alt=\"\" class=\"wp-image-2968\" srcset=\"https:\/\/www.blmvhsw.de\/wp-content\/uploads\/2025\/02\/Vereine.jpg 612w, https:\/\/www.blmvhsw.de\/wp-content\/uploads\/2025\/02\/Vereine-300x154.jpg 300w\" sizes=\"auto, (max-width: 612px) 100vw, 612px\" \/><\/figure>\n\n\n\n<h3 class=\"wp-block-heading has-black-color has-text-color has-medium-font-size\">Vereine<\/h3>\n\n\n\n<p class=\"has-text-color\" style=\"color:#7a7a7a\"><\/p>\n\n\n\n<a href=\"https:\/\/www.blmvhsw.de\/vereine\/\">Unsere Vereine<\/a>\n<\/div>\n\n\n\n<div class=\"wp-block-column is-layout-flow wp-block-column-is-layout-flow\">\n<figure class=\"wp-block-image size-full\"><img loading=\"lazy\" decoding=\"async\" width=\"612\" height=\"314\" src=\"https:\/\/home.blmvhsw.de\/wp-content\/uploads\/2025\/02\/Blaeserjugend.jpg\" alt=\"\" class=\"wp-image-2969\" srcset=\"https:\/\/www.blmvhsw.de\/wp-content\/uploads\/2025\/02\/Blaeserjugend.jpg 612w, https:\/\/www.blmvhsw.de\/wp-content\/uploads\/2025\/02\/Blaeserjugend-300x154.jpg 300w\" sizes=\"auto, (max-width: 612px) 100vw, 612px\" \/><\/figure>\n\n\n\n<h3 class=\"wp-block-heading has-black-color has-text-color has-medium-font-size\">Bl\u00e4serjugend<\/h3>\n\n\n\n<p class=\"has-text-color\" style=\"color:#7a7a7a\"><\/p>\n\n\n\n<a href=\"https:\/\/jmla.blmvhsw.de\" target=\"_blank\">Anmeldung zum JMLA<\/a>\n<\/div>\n<\/div>\n\n\n\n<figure class=\"wp-block-embed is-type-video is-provider-youtube wp-block-embed-youtube wp-embed-aspect-16-9 wp-has-aspect-ratio\"><div class=\"wp-block-embed__wrapper\">\n<iframe loading=\"lazy\" title=\"Wir Musikanten - Blasmusik auf der H\u00e4ngebr\u00fccke BLACKFORESTLINE im Schwarzwald\" width=\"950\" height=\"534\" src=\"https:\/\/www.youtube.com\/embed\/lZWJptuOzn4?feature=oembed\" frameborder=\"0\" allow=\"accelerometer; autoplay; clipboard-write; encrypted-media; gyroscope; picture-in-picture; web-share\" referrerpolicy=\"strict-origin-when-cross-origin\" allowfullscreen><\/iframe>\n<\/div><\/figure>\n\n\n<ul class=\"wp-block-latest-posts__list wp-block-latest-posts\"><li><a class=\"wp-block-latest-posts__post-title\" href=\"https:\/\/www.blmvhsw.de\/praesident\/\">Pr\u00e4sident<\/a><\/li>\n<li><a class=\"wp-block-latest-posts__post-title\" href=\"https:\/\/www.blmvhsw.de\/54-wunschkonzert-mv-hammereisenbach\/\">54. Wunschkonzert MV-Hammereisenbach<\/a><\/li>\n<\/ul><\/div>\n\n\n\n<p><\/p>\n","protected":false},"excerpt":{"rendered":"<p>Willkommen beim Blasmusikverband Hochschwarzwald e.V. Diese Homepage ist ein Hilfsmittel, ein Informations-Medium und eine Kontaktb\u00f6rse f\u00fcr unsere Mitglieds-Vereine und nat\u00fcrlich Vereine anderer Verb\u00e4nde. Auf den folgenden Seiten erhalten Sie Daten \u00fcber unseren Verband und unsere Mitgliedsvereine. Sie haben die M\u00f6glichkeit Formulare und Infos, die in Ihrer Vereinsarbeit eine wichtige Hilfe sein k\u00f6nnen (z.B. Grifftabellen), abzurufen &hellip; <\/p>\n<p class=\"link-more\"><a href=\"https:\/\/www.blmvhsw.de\/\" class=\"more-link\">Mehr <span class=\"screen-reader-text\">\u00fcber &#8222;&#8220; <\/span>Lesen<\/a><\/p>\n","protected":false},"author":1,"featured_media":0,"parent":0,"menu_order":0,"comment_status":"closed","ping_status":"closed","template":"","meta":{"og_title":"","og_description":"","og_image":"","og_override_image":false,"inspiro_hide_title":false,"footnotes":""},"class_list":["post-11","page","type-page","status-publish","hentry"],"_links":{"self":[{"href":"https:\/\/www.blmvhsw.de\/blmvhsw_extern_api\/wp\/v2\/pages\/11","targetHints":{"allow":["GET"]}}],"collection":[{"href":"https:\/\/www.blmvhsw.de\/blmvhsw_extern_api\/wp\/v2\/pages"}],"about":[{"href":"https:\/\/www.blmvhsw.de\/blmvhsw_extern_api\/wp\/v2\/types\/page"}],"author":[{"embeddable":true,"href":"https:\/\/www.blmvhsw.de\/blmvhsw_extern_api\/wp\/v2\/users\/1"}],"replies":[{"embeddable":true,"href":"https:\/\/www.blmvhsw.de\/blmvhsw_extern_api\/wp\/v2\/comments?post=11"}],"version-history":[{"count":49,"href":"https:\/\/www.blmvhsw.de\/blmvhsw_extern_api\/wp\/v2\/pages\/11\/revisions"}],"predecessor-version":[{"id":59586,"href":"https:\/\/www.blmvhsw.de\/blmvhsw_extern_api\/wp\/v2\/pages\/11\/revisions\/59586"}],"wp:attachment":[{"href":"https:\/\/www.blmvhsw.de\/blmvhsw_extern_api\/wp\/v2\/media?parent=11"}],"curies":[{"name":"wp","href":"https:\/\/api.w.org\/{rel}","templated":true}]}}

<p></p>



<p><strong>Willkommen beim Blasmusikverband Hochschwarzwald e.V.</strong></p>



<p>Diese Homepage ist ein Hilfsmittel, ein Informations-Medium und eine Kontaktbörse für unsere Mitglieds-Vereine und natürlich Vereine anderer Verbände.</p>



<p>Auf den folgenden Seiten erhalten Sie Daten über unseren Verband und unsere Mitgliedsvereine. Sie haben die Möglichkeit Formulare und Infos, die in Ihrer Vereinsarbeit eine wichtige Hilfe sein können (z.B. Grifftabellen), abzurufen und somit kostenfrei zu nutzen.</p>



<p>Im Terminkalender sind die wichtigsten Termine unserer Vereine, unserer Bläserjugend und des Verbandes eingetragen. Ganz herzlich möchte ich mich bei Markus Maier bedanken. Er hat diese Homepage in Eigenarbeit aufgebaut und hält sie auf dem aktuellsten Stand. Viel Spaß beim Lesen auf unseren Seiten.</p>



<p><strong>Hier gehts zur <a href="https://www.blmvhsw.de/jmla-anmeldung/" data-type="page" data-id="2940">JMLA Anmeldung</a></strong></p>



<div class="wp-block-group has-global-padding is-layout-constrained wp-block-group-is-layout-constrained">
<h2 class="wp-block-heading has-large-font-size" id="inspiro-is-a-digital-product-agency-that-focuses-on-strategy-and-design" style="font-style:normal;font-weight:100"></h2>



<div class="wp-block-columns is-layout-flex wp-container-core-columns-is-layout-28f84493 wp-block-columns-is-layout-flex">
<div class="wp-block-column is-layout-flow wp-block-column-is-layout-flow">
<figure class="wp-block-image size-full"><img loading="lazy" decoding="async" width="606" height="310" src="https://home.blmvhsw.de/wp-content/uploads/2025/02/Verband.jpg" alt="" class="wp-image-2967" srcset="https://www.blmvhsw.de/wp-content/uploads/2025/02/Verband.jpg 606w, https://www.blmvhsw.de/wp-content/uploads/2025/02/Verband-300x153.jpg 300w" sizes="auto, (max-width: 606px) 100vw, 606px" /></figure>



<h3 class="wp-block-heading has-black-color has-text-color has-medium-font-size">Verband</h3>



<p class="has-text-color" style="color:#7a7a7a"></p>



<a href="https://www.blmvhsw.de/praesidium/">Präsidium</a><br><a href="https://www.blmvhsw.de/gebietsvertreter/">Gebietsvertreter</a>
</div>



<div class="wp-block-column is-layout-flow wp-block-column-is-layout-flow">
<figure class="wp-block-image size-full"><img loading="lazy" decoding="async" width="612" height="314" src="https://home.blmvhsw.de/wp-content/uploads/2025/02/Vereine.jpg" alt="" class="wp-image-2968" srcset="https://www.blmvhsw.de/wp-content/uploads/2025/02/Vereine.jpg 612w, https://www.blmvhsw.de/wp-content/uploads/2025/02/Vereine-300x154.jpg 300w" sizes="auto, (max-width: 612px) 100vw, 612px" /></figure>



<h3 class="wp-block-heading has-black-color has-text-color has-medium-font-size">Vereine</h3>



<p class="has-text-color" style="color:#7a7a7a"></p>



<a href="https://www.blmvhsw.de/vereine/">Unsere Vereine</a>
</div>



<div class="wp-block-column is-layout-flow wp-block-column-is-layout-flow">
<figure class="wp-block-image size-full"><img loading="lazy" decoding="async" width="612" height="314" src="https://home.blmvhsw.de/wp-content/uploads/2025/02/Blaeserjugend.jpg" alt="" class="wp-image-2969" srcset="https://www.blmvhsw.de/wp-content/uploads/2025/02/Blaeserjugend.jpg 612w, https://www.blmvhsw.de/wp-content/uploads/2025/02/Blaeserjugend-300x154.jpg 300w" sizes="auto, (max-width: 612px) 100vw, 612px" /></figure>



<h3 class="wp-block-heading has-black-color has-text-color has-medium-font-size">Bläserjugend</h3>



<p class="has-text-color" style="color:#7a7a7a"></p>



<a href="https://jmla.blmvhsw.de" target="_blank">Anmeldung zum JMLA</a>
</div>
</div>



<figure class="wp-block-embed is-type-video is-provider-youtube wp-block-embed-youtube wp-embed-aspect-16-9 wp-has-aspect-ratio"><div class="wp-block-embed__wrapper">
<iframe loading="lazy" title="Wir Musikanten - Blasmusik auf der Hängebrücke BLACKFORESTLINE im Schwarzwald" width="950" height="534" src="https://www.youtube.com/embed/lZWJptuOzn4?feature=oembed" frameborder="0" allow="accelerometer; autoplay; clipboard-write; encrypted-media; gyroscope; picture-in-picture; web-share" referrerpolicy="strict-origin-when-cross-origin" allowfullscreen></iframe>
</div></figure>


<ul class="wp-block-latest-posts__list wp-block-latest-posts"><li><a class="wp-block-latest-posts__post-title" href="https://www.blmvhsw.de/praesident/">Präsident</a></li>
<li><a class="wp-block-latest-posts__post-title" href="https://www.blmvhsw.de/54-wunschkonzert-mv-hammereisenbach/">54. Wunschkonzert MV-Hammereisenbach</a></li>
</ul></div>



<p></p>

<p>Willkommen beim Blasmusikverband Hochschwarzwald e.V. Diese Homepage ist ein Hilfsmittel, ein Informations-Medium und eine Kontaktbörse für unsere Mitglieds-Vereine und natürlich Vereine anderer Verbände. Auf den folgenden Seiten erhalten Sie Daten über unseren Verband und unsere Mitgliedsvereine. Sie haben die Möglichkeit Formulare und Infos, die in Ihrer Vereinsarbeit eine wichtige Hilfe sein können (z.B. Grifftabellen), abzurufen &hellip; </p>
<p class="link-more"><a href="https://www.blmvhsw.de/" class="more-link">Mehr <span class="screen-reader-text">über &#8222;&#8220; </span>Lesen</a></p>
